 (3 + 9/(-6))*10. Let h(i) = 0*i - i**3 + 22 + p*i**2 + 2*i - 4*i + 15*i. What are the prime factors of h(15)?
7, 31
Let u be 6*(8/6)/(-6 + 8). Suppose -3*n + 18 = 2*x, -3*x = -x - u*n + 10. Suppose 11*l - 544 = x*l. List the prime factors of l.
2, 17
Let m(l) = -202*l + 14. Let a be m(-8). Suppose -3*v - 2*v = a. What are the prime factors of v/(0 + 2 - 4)?
163
Let i = -34 - -40. Suppose 868 = i*n - 10*n. Let x = n + 344. List the prime factors of x.
127
Let i be (60/25)/(3/15). What are the prime factors of (1*(-78)/i)/((-1)/28)?
2, 7, 13
Suppose 6*d - 8 = 2*d. List the prime factors of 9/12 - (d + (-13935)/12).
2, 5, 29
What are the prime factors of (2 + 116 + -2)/(39/19968)?
2, 29
Let z = 103 + 1568. Suppose -3*r - 3*d + z = 0, -5*r - 6*d + 7*d + 2767 = 0. What are the prime factors of r?
2, 277
Let x(b) = -10*b**2 + 10*b**2 + b**2 - 227 - 3*b - 5*b + 56. What are the prime factors of x(25)?
2, 127
Let u = -262 - -263. What are the prime factors of (-11 + -1779)/(u*(-2 - 0))?
5, 179
Let u(k) = 1595*k**2 - 52*k - 214. List the prime factors of u(-4).
2, 12757
Let k = -1902 - -20754. List the prime factors of k.
2, 3, 1571
Let j = 2915 - -1332. What are the prime factors of j?
31, 137
Suppose 0 = 25*o - 28*o + n + 18504, -18*o = -5*n - 111024. List the prime factors of o.
2, 3, 257
Let v(g) = 2*g - 9. Let h be v(6). Suppose -h*r + 870 = 3*r. Suppose 2*f - 90 = -4*c, 5*c + 2*f = 6*f + r. What are the prime factors of c?
5
Let s(j) = 221*j**3 - 4*j**2 + 19*j - 49. List the prime factors of s(4).
14107
Let f(j) = -795*j**3 + 2*j + 3. Suppose 0 = -4*v + 5*h - 24, -2*v + 1 = -4*h + 19. What are the prime factors of f(v)?
2, 199
Suppose -4*p + 1159 - 3031 = -4*m, 2*p = -m + 474. Suppose -4*x + m = 2*w - 2664, -20 = 4*w. List the prime factors of x.
2, 3, 131
Suppose u = 21*m - 16*m - 113609, 3*m + 5*u - 68143 = 0. List the prime factors of m.
22721
Suppose 57*h - 41*h = 32. Suppose 4*d - 405 = -j, 0 = -2*j - 2*d - h*d + 798. List the prime factors of j.
3, 131
Let y be 20*8/200*5. Suppose y*f - 2*l - 1772 = 4730, 5*f - 8123 = l. What are the prime factors of f?
2, 7, 29
Let l = 94 - 82. Suppose l*b - 2530 = 1898. List the prime factors of b.
3, 41
Let t(u) = -u**3 - 10*u**2 - 4. Let d = -79 - -72. Let h be t(d). Let x = -64 - h. List the prime factors of x.
3, 29
What are the prime factors of 72/(-66) - 490118/(-22)?
22277
Let j = 332 - 328. Suppose j*b - l = 537, -2*b + 0*b + 267 = -l. List the prime factors of b.
3, 5
List the prime factors of (1 + -192)/1*-173.
173, 191
Suppose v + v - 20 = 0. Suppose v*y = 12*y - 4. Suppose -3*r = y*k - 17, r = -3*k + 2*k + 4. List the prime factors of r.
3
Let w(j) = 6*j + 10 - 1 + 5*j - 23*j**2. Let n(x) = -11*x**2 + 5*x + 4. Let o(u) = -5*n(u) + 2*w(u). List the prime factors of o(-3).
2, 11
Let a be (-25)/20 + (-2853)/(-4). Suppose 0 = 4*z - a - 1888. What are the prime factors of z?
2, 5, 13
Suppose 0*s - 3*s - 4*v = -17, 40 = 5*s - 5*v. Let p be s/(-4)*-8 - -4*1. What are the prime factors of (p/(-9))/(3/(-24))?
2
Suppose s - 504 = -3*f, 5*f - 538 = -3*s + 302. Suppose 3*k - 117 - f = 0. List the prime factors of k.
5, 19
Suppose m + 140 = 510. Let x = m + -210. Suppose -2*p = -40 - x. List the prime factors of p.
2, 5
Let s = -10144 - -23398. List the prime factors of s.
2, 3, 47
Let j be (4/(-8))/((-3)/12). Suppose -z + 132 = 2*x + j*x, -3*x - 3*z = -99. List the prime factors of x.
3, 11
List the prime factors of (1730/(-5))/((-6)/150).
2, 5, 173
Let b = 613 + -605. Suppose x + 4*j - 1044 = 0, 4*x = b*x - 2*j - 4266. What are the prime factors of x?
2, 7, 19
Let r = -280 - -297. Let d(s) = s**2 + 4*s + 34. What are the prime factors of d(r)?
17, 23
Let u be (-52)/(-14) - (-8)/28. Suppose 1247 = 3*d - 4*v, 0 = -3*d - u*v + 275 + 956. What are the prime factors of d?
7, 59
Suppose -56 = 4*w + 2*n, -3*w - 13 = -2*n + 15. Let v(a) = 2*a**3 - 2*a**2 + 4*a + 16. Let z be v(4). What are the prime factors of z/6 - w/18?
2, 11
Let m = 9911 - 1966. What are the prime factors of m?
5, 7, 227
Suppose 21*w - 26*w + 3*u + 266684 = 0, 0 = -5*w + 4*u + 266692. What are the prime factors of w?
2, 67, 199
Let f(q) = 3*q - 1. Let y be f(-1). Let t(z) = -5*z - 17. Let m be t(y). Suppose 644 = 4*w + 2*k, -477 = -m*w - 4*k + 6. List the prime factors of w.
7, 23
Let m(q) = -9*q - 41. Let p be m(-5). List the prime factors of -1 + 5 - (-205 - p) - -5.
2, 109
Let r = -12 + 14. Suppose -6*y = -y + 30. What are the prime factors of (-612)/(2 + y) - r?
151
Let a(y) = -37*y**3 + y**2 + 3*y - 4. Let j be a(2). Let l = -177 - j. What are the prime factors of l?
113
What are the prime factors of 3 + 86 + (-5 - (-20)/(-10))?
2, 41
Suppose 0 = 6*s - 9336 - 7086. What are the prime factors of s?
7, 17, 23
Let r(x) = -14*x - 15*x + 27*x + 17. Let v be r(9). List the prime factors of (4 - -10) + -1 + v.
2, 3
Suppose 2*x - 3*u = -1359, -4428 + 1734 = 4*x + 2*u. List the prime factors of ((-172)/6)/((-18)/x*-1).
5, 43
Suppose 0 = -d + 5*y + 19, 4*d - 2*y + y - 19 = 0. Let r be 197 - -4 - (d - 0). Suppose 3*f + 5*p - r = 0, 6*p = 5*f + p - 355. What are the prime factors of f?
3, 23
Let s be -3 - (-2 + (-3)/1*2). Suppose s*l - 4*c - 354 = 0, -3*l - c - 69 = -295. What are the prime factors of l?
2, 37
Let f(c) = -7365*c - 48. Let x be f(-4). Suppose 29*t = -7*t + x. List the prime factors of t.
19, 43
Let v(i) = -95*i + 9. Let y be v(-5). Suppose -7*d - y = 62. List the prime factors of 76/6*d/(-52).
19
Let h be (-5 + 6)/(1/7). Suppose 3*s = h*s + 12. What are the prime factors of (2/s)/((-12)/1926)?
107
Suppose 2*k = 4*b - 65546, 138*b - 3*k = 137*b + 16384. What are the prime factors of b?
7, 2341
What are the prime factors of (9 - 1) + -454 + 33865?
23, 1453
Suppose -14*x = -12*x - 2*k - 103078, x = -5*k + 51491. List the prime factors of x.
3, 89, 193
Suppose -2*i - 7*i + 2243 + 4543 = 0. What are the prime factors of i?
2, 13, 29
Let t(m) = -2*m - 3. Let n be t(-4). Suppose n*i + 6020 = 5*c, 3*c - 5*c + 2390 = 4*i. List the prime factors of c.
1201
List the prime factors of 147/882 + 16131/36*118.
2, 26437
Let s = -9097 + 16971. What are the prime factors of s?
2, 31, 127
Suppose 0 = 3*p + 4*c - 46, 2*c = -2*c - 8. Let y be (423/p)/(0 - (-2)/4). Let x = -5 + y. List the prime factors of x.
2, 3, 7
Let f(p) = -11*p**2 - 1. Let o be f(-1). Let u be (-2)/(-5)*(-7 - o). Suppose -q - 91 = -u*q. List the prime factors of q.
7, 13
Let u = -680 + 5292. Suppose u = 9*d + 112. Let c = -339 + d. What are the prime factors of c?
7, 23
Let j be (0 - 6/(-5))/((-24)/60). What are the prime factors of j/(21/(-35)) - -868?
3, 97
What are the prime factors of 83254 + 16/(32/(-30))?
13, 19, 337
Let q(u) = 6*u**2 - 18*u - 8. Let j be q(6). Suppose -j = -5*y - 275. Let f = 72 + y. What are the prime factors of f?
37
Let y(z) = -1284*z - 576. List the prime factors of y(-9).
2, 3, 5, 61
Let q(p) = -23*p + 58 - 49 + 130 + p. What are the prime factors of q(-6)?
271
Suppose h - 13 = -2*k, -k + 0*h + 3*h + 17 = 0. Let w be (12/k)/((-1)/(-168)). Suppose -f + w = 2*f. List the prime factors of f.
2, 3, 7
Let u(n) = -4782*n + 11757. List the prime factors of u(-11).
3, 7151
List the prime factors of (-22)/4*(76 - 1488).
2, 11, 353
Suppose 29*d - 22*d - 8918 = 0. Let f = -679 + d. What are the prime factors of f?
5, 7, 17
List the prime factors of (-21)/(-70)*-566*(-205)/1.
3, 41, 283
Let w = -736 - -2111. Suppose -n + 6*n = w. What are the prime factors of n?
5, 11
Let x(w) = -3*w**3 - 27*w**2 - 6*w - 23. Let c be x(-9). Suppose 0 = -35*a + c*a + 1856. List the prime factors of a.
2, 29
Suppose -62*t - 68249 = -2*y - 65*t, 0 = -5*y - 4*t + 170598. List the prime factors of y.
2, 37, 461
Let l be 3 + 30/(-5) - -1391. Suppose 0 = 2*i + 2*s - l, i - s = -0*s + 692. Suppose -6*f - 282 = -8*f + 2*a, -5*f + i = -2*a. List the prime factors of f.
137
Let v(d) = 135*d + 3. Suppose 34*u - 490 = 27*u. Let c = -68 + u. List the prime factors of v(c).
3, 7, 13
Suppose 151633 = 120*m - 130607. List the prime factors of m.
2, 3, 7
Suppose 3*g = 3*o + 3, -3*g = -2*o - 2*o + 1. Let w be 2*(-3 + o)*-14. Let q = w + 44. List the prime factors of q.
2
Let o(n) = 18*n**2 - 6*n + 22. Let m be o(5). Suppose -16*f + 3338 = m. List the prime factors of f.
181
Let r be (-18)/153 + 